{"version":"1.0","provider_name":"Professional Hair","provider_url":"https:\/\/professionalhair.hu\/en","author_name":"user","author_url":"https:\/\/professionalhair.hu\/en\/author\/user\/","title":"Adatv\u00e9delmi szab\u00e1lyzat - Professional Hair","type":"rich","width":600,"height":338,"html":"<blockquote class=\"wp-embedded-content\" data-secret=\"FB2L2eQzj3\"><a href=\"https:\/\/professionalhair.hu\/en\/adatvedelmi-szabalyzat\/\">Adatv\u00e9delmi szab\u00e1lyzat<\/a><\/blockquote><iframe sandbox=\"allow-scripts\" security=\"restricted\" src=\"https:\/\/professionalhair.hu\/en\/adatvedelmi-szabalyzat\/embed\/#?secret=FB2L2eQzj3\" width=\"600\" height=\"338\" title=\"&#8220;Adatv\u00e9delmi szab\u00e1lyzat&#8221; &#8212; Professional Hair\" data-secret=\"FB2L2eQzj3\" frameborder=\"0\" marginwidth=\"0\" marginheight=\"0\" scrolling=\"no\" class=\"wp-embedded-content\"><\/iframe><script>\n\/*! This file is auto-generated *\/\n!function(d,l){\"use strict\";l.querySelector&&d.addEventListener&&\"undefined\"!=typeof URL&&(d.wp=d.wp||{},d.wp.receiveEmbedMessage||(d.wp.receiveEmbedMessage=function(e){var t=e.data;if((t||t.secret||t.message||t.value)&&!\/[^a-zA-Z0-9]\/.test(t.secret)){for(var s,r,n,a=l.querySelectorAll('iframe[data-secret=\"'+t.secret+'\"]'),o=l.querySelectorAll('blockquote[data-secret=\"'+t.secret+'\"]'),c=new RegExp(\"^https?:$\",\"i\"),i=0;i<o.length;i++)o[i].style.display=\"none\";for(i=0;i<a.length;i++)s=a[i],e.source===s.contentWindow&&(s.removeAttribute(\"style\"),\"height\"===t.message?(1e3<(r=parseInt(t.value,10))?r=1e3:~~r<200&&(r=200),s.height=r):\"link\"===t.message&&(r=new URL(s.getAttribute(\"src\")),n=new URL(t.value),c.test(n.protocol))&&n.host===r.host&&l.activeElement===s&&(d.top.location.href=t.value))}},d.addEventListener(\"message\",d.wp.receiveEmbedMessage,!1),l.addEventListener(\"DOMContentLoaded\",function(){for(var e,t,s=l.querySelectorAll(\"iframe.wp-embedded-content\"),r=0;r<s.length;r++)(t=(e=s[r]).getAttribute(\"data-secret\"))||(t=Math.random().toString(36).substring(2,12),e.src+=\"#?secret=\"+t,e.setAttribute(\"data-secret\",t)),e.contentWindow.postMessage({message:\"ready\",secret:t},\"*\")},!1)))}(window,document);\n\/\/# sourceURL=https:\/\/professionalhair.hu\/wp-includes\/js\/wp-embed.min.js\n<\/script>","description":"Bevezet\u00e9s A\u00a0Professional Healthy &amp; Beauty Systems Korl\u00e1tolt Felel\u0151ss\u00e9g\u0171 T\u00e1rsas\u00e1g\u00a0(sz\u00e9khely: 1012 Budapest, Lovas utca 10.; c\u00e9gjegyz\u00e9k sz\u00e1m: 01-09-732074; ad\u00f3sz\u00e1m: 13376093-2-41; tov\u00e1bbiakban: \u201eSzolg\u00e1ltat\u00f3) a szem\u00e9lyes adatok v\u00e9delm\u00e9r\u0151l sz\u00f3l\u00f3 jogszab\u00e1lyi rendelkez\u00e9seknek val\u00f3 megfelel\u00e9s \u00e9rdek\u00e9ben, a jelen adatv\u00e9delmi szab\u00e1lyzatot (tov\u00e1bbiakban: \u201eSzab\u00e1lyzat\u201d) alkotja, amely a kliens (tov\u00e1bbiakban: \u201eKliens\u201d), \u00e1ltal ig\u00e9nybe vett szolg\u00e1ltat\u00e1s (tov\u00e1bbiakban: \u201eSzolg\u00e1ltat\u00e1s\u201d) ny\u00fajt\u00e1s\u00e1t teszi lehet\u0151v\u00e9. A Szab\u00e1lyzat c\u00e9lja [&hellip;]"}

Adatvédelmi szabályzat - Professional Hair

<blockquote class="wp-embedded-content" data-secret="FB2L2eQzj3"><a href="https://professionalhair.hu/en/adatvedelmi-szabalyzat/">Adatvédelmi szabályzat</a></blockquote><iframe sandbox="allow-scripts" security="restricted" src="https://professionalhair.hu/en/adatvedelmi-szabalyzat/embed/#?secret=FB2L2eQzj3" width="600" height="338" title="&#8220;Adatvédelmi szabályzat&#8221; &#8212; Professional Hair" data-secret="FB2L2eQzj3" frameborder="0" marginwidth="0" marginheight="0" scrolling="no" class="wp-embedded-content"></iframe><script>
/*! This file is auto-generated */
!function(d,l){"use strict";l.querySelector&&d.addEventListener&&"undefined"!=typeof URL&&(d.wp=d.wp||{},d.wp.receiveEmbedMessage||(d.wp.receiveEmbedMessage=function(e){var t=e.data;if((t||t.secret||t.message||t.value)&&!/[^a-zA-Z0-9]/.test(t.secret)){for(var s,r,n,a=l.querySelectorAll('iframe[data-secret="'+t.secret+'"]'),o=l.querySelectorAll('blockquote[data-secret="'+t.secret+'"]'),c=new RegExp("^https?:$","i"),i=0;i<o.length;i++)o[i].style.display="none";for(i=0;i<a.length;i++)s=a[i],e.source===s.contentWindow&&(s.removeAttribute("style"),"height"===t.message?(1e3<(r=parseInt(t.value,10))?r=1e3:~~r<200&&(r=200),s.height=r):"link"===t.message&&(r=new URL(s.getAttribute("src")),n=new URL(t.value),c.test(n.protocol))&&n.host===r.host&&l.activeElement===s&&(d.top.location.href=t.value))}},d.addEventListener("message",d.wp.receiveEmbedMessage,!1),l.addEventListener("DOMContentLoaded",function(){for(var e,t,s=l.querySelectorAll("iframe.wp-embedded-content"),r=0;r<s.length;r++)(t=(e=s[r]).getAttribute("data-secret"))||(t=Math.random().toString(36).substring(2,12),e.src+="#?secret="+t,e.setAttribute("data-secret",t)),e.contentWindow.postMessage({message:"ready",secret:t},"*")},!1)))}(window,document);
//# sourceURL=https://professionalhair.hu/wp-includes/js/wp-embed.min.js
</script>

Bevezetés A Professional Healthy &amp; Beauty Systems Korlátolt Felelősségű Társaság (székhely: 1012 Budapest, Lovas utca 10.; cégjegyzék szám: 01-09-732074; adószám: 13376093-2-41; továbbiakban: „Szolgáltató) a személyes adatok védelméről szóló jogszabályi rendelkezéseknek való megfelelés érdekében, a jelen adatvédelmi szabályzatot (továbbiakban: „Szabályzat”) alkotja, amely a kliens (továbbiakban: „Kliens”), által igénybe vett szolgáltatás (továbbiakban: „Szolgáltatás”) nyújtását teszi lehetővé. A Szabályzat célja [&hellip;]
