{"id":6733,"date":"2022-06-24T10:33:32","date_gmt":"2022-06-24T08:33:32","guid":{"rendered":"http:\/\/18.184.220.92\/?page_id=6732"},"modified":"2023-08-28T20:36:57","modified_gmt":"2023-08-28T18:36:57","slug":"koszonjuk","status":"publish","type":"page","link":"https:\/\/professionalhair.hu\/en\/koszonjuk\/","title":{"rendered":"K\u00f6sz\u00f6nj\u00fck"},"content":{"rendered":"<div data-elementor-type=\"wp-page\" data-elementor-id=\"6733\" class=\"elementor elementor-6733\" data-elementor-post-type=\"page\">\n\t\t\t\t\t\t<section class=\"elementor-section elementor-top-section elementor-element elementor-element-d09feb7 elementor-section-boxed elementor-section-height-default elementor-section-height-default\" data-id=\"d09feb7\" data-element_type=\"section\" data-settings=\"{&quot;_ha_eqh_enable&quot;:false}\">\n\t\t\t\t\t\t<div class=\"elementor-container elementor-column-gap-default\">\n\t\t\t\t\t<div class=\"elementor-column elementor-col-100 elementor-top-column elementor-element elementor-element-39fdd2c\" data-id=\"39fdd2c\" data-element_type=\"column\">\n\t\t\t<div class=\"elementor-widget-wrap elementor-element-populated\">\n\t\t\t\t\t\t<div class=\"elementor-element elementor-element-672a542 elementor-widget elementor-widget-heading\" data-id=\"672a542\" data-element_type=\"widget\" data-widget_type=\"heading.default\">\n\t\t\t\t<div class=\"elementor-widget-container\">\n\t\t\t<h2 class=\"elementor-heading-title elementor-size-default\">K\u00f6sz\u00f6nj\u00fck, fogadtuk a jelentkez\u00e9sed!<\/h2>\t\t<\/div>\n\t\t\t\t<\/div>\n\t\t\t\t<div class=\"elementor-element elementor-element-661635f elementor-widget elementor-widget-text-editor\" data-id=\"661635f\" data-element_type=\"widget\" data-widget_type=\"text-editor.default\">\n\t\t\t\t<div class=\"elementor-widget-container\">\n\t\t\t\t\t\t\t<p>Koll\u00e9g\u00e1nk hamarosan felkeres a hajvizsg\u00e1lat id\u0151pontj\u00e1nak egyeztet\u00e9s\u00e9re.<br \/>A d\u00edjmentes \u00e9s k\u00f6telezetts\u00e9gmentes vizsg\u00e1lat sor\u00e1n a konzult\u00e1l\u00f3 orvos<br \/>megvizsg\u00e1lja a probl\u00e9m\u00e1s ter\u00fcletet, majd t\u00e1j\u00e9koztat a helyre\u00e1ll\u00edt\u00e1si<br \/>lehet\u0151s\u00e9gekr\u0151l.<br \/>A konzult\u00e1ci\u00f3 v\u00e9g\u00e9n a szem\u00e9lyre szabott kezel\u00e9si terv \u00e9s aj\u00e1nlat<br \/>biztosan k\u00f6zelebb visz a c\u00e9ljaidhoz:)<\/p>\t\t\t\t\t\t<\/div>\n\t\t\t\t<\/div>\n\t\t\t\t<div class=\"elementor-element elementor-element-c1be2fa elementor-widget elementor-widget-text-editor\" data-id=\"c1be2fa\" data-element_type=\"widget\" data-widget_type=\"text-editor.default\">\n\t\t\t\t<div class=\"elementor-widget-container\">\n\t\t\t\t\t\t\t<h5><strong>FONTOS!\u00a0<\/strong>A visszaigazol\u00f3 e-mailt \u00e9s az esetleges tov\u00e1bbi t\u00e1j\u00e9koztat\u00f3 e-maileket a biro.gabi@professionalhair.hu c\u00edmr\u0151l k\u00fcldj\u00fck (n\u00e9zd meg a Prom\u00f3ci\u00f3k mapp\u00e1t is). Az\u00e9rt, hogy a leveleket nehogy spam-nek gondolja a levelez\u0151programod, vedd fel ezt az e-mail c\u00edmet a megb\u00edzhat\u00f3 felad\u00f3k list\u00e1j\u00e1ra. K\u00f6sz\u00f6nj\u00fck!<\/h5><h4>\u00a0<\/h4><h4><strong>\u00dcdv\u00f6zlettel:<\/strong><\/h4><h5>A Professional Hair Hajklinika csapata<\/h5><p><a href=\"tel:  36209506400\">+36 20 950 6400<\/a><\/p><p><a href=\"mailto:hajpartner@professionalhair.hu\">hajpartner@professionalhair.hu<\/a><\/p><p>V\u00e1runk klinik\u00e1nkon!<\/p>\t\t\t\t\t\t<\/div>\n\t\t\t\t<\/div>\n\t\t\t\t\t<\/div>\n\t\t<\/div>\n\t\t\t\t\t<\/div>\n\t\t<\/section>\n\t\t\t\t<\/div>","protected":false},"excerpt":{"rendered":"<p>K\u00f6sz\u00f6nj\u00fck, fogadtuk a jelentkez\u00e9sed! Koll\u00e9g\u00e1nk hamarosan felkeres a hajvizsg\u00e1lat id\u0151pontj\u00e1nak egyeztet\u00e9s\u00e9re.A d\u00edjmentes \u00e9s k\u00f6telezetts\u00e9gmentes vizsg\u00e1lat sor\u00e1n a konzult\u00e1l\u00f3 orvosmegvizsg\u00e1lja a probl\u00e9m\u00e1s ter\u00fcletet, majd t\u00e1j\u00e9koztat a helyre\u00e1ll\u00edt\u00e1silehet\u0151s\u00e9gekr\u0151l.A konzult\u00e1ci\u00f3 v\u00e9g\u00e9n a szem\u00e9lyre szabott kezel\u00e9si terv \u00e9s aj\u00e1nlatbiztosan k\u00f6zelebb visz a c\u00e9ljaidhoz:) FONTOS!\u00a0A visszaigazol\u00f3 e-mailt \u00e9s az esetleges tov\u00e1bbi t\u00e1j\u00e9koztat\u00f3 e-maileket a biro.gabi@professionalhair.hu c\u00edmr\u0151l k\u00fcldj\u00fck (n\u00e9zd meg a [&hellip;]<\/p>","protected":false},"author":1,"featured_media":0,"parent":0,"menu_order":0,"comment_status":"closed","ping_status":"closed","template":"","meta":{"footnotes":""},"class_list":["post-6733","page","type-page","status-publish","hentry"],"yoast_head":"<!-- This site is optimized with the Yoast SEO plugin v23.9 - https:\/\/yoast.com\/wordpress\/plugins\/seo\/ -->\n<title>K\u00f6sz\u00f6nj\u00fck - Professional Hair<\/title>\n<meta name=\"robots\" content=\"index, follow, max-snippet:-1, max-image-preview:large, max-video-preview:-1\" \/>\n<link rel=\"canonical\" href=\"https:\/\/professionalhair.hu\/en\/koszonjuk\/\" \/>\n<meta property=\"og:locale\" content=\"en_US\" \/>\n<meta property=\"og:type\" content=\"article\" \/>\n<meta property=\"og:title\" content=\"K\u00f6sz\u00f6nj\u00fck - Professional Hair\" \/>\n<meta property=\"og:description\" content=\"K\u00f6sz\u00f6nj\u00fck, fogadtuk a jelentkez\u00e9sed! Koll\u00e9g\u00e1nk hamarosan felkeres a hajvizsg\u00e1lat id\u0151pontj\u00e1nak egyeztet\u00e9s\u00e9re.A d\u00edjmentes \u00e9s k\u00f6telezetts\u00e9gmentes vizsg\u00e1lat sor\u00e1n a konzult\u00e1l\u00f3 orvosmegvizsg\u00e1lja a probl\u00e9m\u00e1s ter\u00fcletet, majd t\u00e1j\u00e9koztat a helyre\u00e1ll\u00edt\u00e1silehet\u0151s\u00e9gekr\u0151l.A konzult\u00e1ci\u00f3 v\u00e9g\u00e9n a szem\u00e9lyre szabott kezel\u00e9si terv \u00e9s aj\u00e1nlatbiztosan k\u00f6zelebb visz a c\u00e9ljaidhoz:) FONTOS!\u00a0A visszaigazol\u00f3 e-mailt \u00e9s az esetleges tov\u00e1bbi t\u00e1j\u00e9koztat\u00f3 e-maileket a biro.gabi@professionalhair.hu c\u00edmr\u0151l k\u00fcldj\u00fck (n\u00e9zd meg a [&hellip;]\" \/>\n<meta property=\"og:url\" content=\"https:\/\/professionalhair.hu\/en\/koszonjuk\/\" \/>\n<meta property=\"og:site_name\" content=\"Professional Hair\" \/>\n<meta property=\"article:publisher\" content=\"https:\/\/www.facebook.com\/professionalhairbudapest\" \/>\n<meta property=\"article:modified_time\" content=\"2023-08-28T18:36:57+00:00\" \/>\n<meta name=\"twitter:card\" content=\"summary_large_image\" \/>\n<meta name=\"twitter:label1\" content=\"Est. reading time\" \/>\n\t<meta name=\"twitter:data1\" content=\"1 minute\" \/>\n<script type=\"application\/ld+json\" class=\"yoast-schema-graph\">{\"@context\":\"https:\/\/schema.org\",\"@graph\":[{\"@type\":\"WebPage\",\"@id\":\"https:\/\/professionalhair.hu\/koszonjuk\/\",\"url\":\"https:\/\/professionalhair.hu\/koszonjuk\/\",\"name\":\"K\u00f6sz\u00f6nj\u00fck - Professional Hair\",\"isPartOf\":{\"@id\":\"https:\/\/professionalhair.hu\/#website\"},\"datePublished\":\"2022-06-24T08:33:32+00:00\",\"dateModified\":\"2023-08-28T18:36:57+00:00\",\"breadcrumb\":{\"@id\":\"https:\/\/professionalhair.hu\/koszonjuk\/#breadcrumb\"},\"inLanguage\":\"en-US\",\"potentialAction\":[{\"@type\":\"ReadAction\",\"target\":[\"https:\/\/professionalhair.hu\/koszonjuk\/\"]}]},{\"@type\":\"BreadcrumbList\",\"@id\":\"https:\/\/professionalhair.hu\/koszonjuk\/#breadcrumb\",\"itemListElement\":[{\"@type\":\"ListItem\",\"position\":1,\"name\":\"Kezd\u0151lap\",\"item\":\"https:\/\/professionalhair.hu\/\"},{\"@type\":\"ListItem\",\"position\":2,\"name\":\"K\u00f6sz\u00f6nj\u00fck\"}]},{\"@type\":\"WebSite\",\"@id\":\"https:\/\/professionalhair.hu\/#website\",\"url\":\"https:\/\/professionalhair.hu\/\",\"name\":\"Professional Hair\",\"description\":\"Hajbe\u00fcltet\u00e9s Budapest\",\"publisher\":{\"@id\":\"https:\/\/professionalhair.hu\/#organization\"},\"potentialAction\":[{\"@type\":\"SearchAction\",\"target\":{\"@type\":\"EntryPoint\",\"urlTemplate\":\"https:\/\/professionalhair.hu\/?s={search_term_string}\"},\"query-input\":{\"@type\":\"PropertyValueSpecification\",\"valueRequired\":true,\"valueName\":\"search_term_string\"}}],\"inLanguage\":\"en-US\"},{\"@type\":\"Organization\",\"@id\":\"https:\/\/professionalhair.hu\/#organization\",\"name\":\"Professional Hair\",\"url\":\"https:\/\/professionalhair.hu\/\",\"logo\":{\"@type\":\"ImageObject\",\"inLanguage\":\"en-US\",\"@id\":\"https:\/\/professionalhair.hu\/#\/schema\/logo\/image\/\",\"url\":\"https:\/\/professionalhair.hu\/wp-content\/uploads\/2022\/05\/logo_footer.webp\",\"contentUrl\":\"https:\/\/professionalhair.hu\/wp-content\/uploads\/2022\/05\/logo_footer.webp\",\"width\":263,\"height\":60,\"caption\":\"Professional Hair\"},\"image\":{\"@id\":\"https:\/\/professionalhair.hu\/#\/schema\/logo\/image\/\"},\"sameAs\":[\"https:\/\/www.facebook.com\/professionalhairbudapest\",\"https:\/\/www.youtube.com\/channel\/UC3yW-vWCddUuRSs6cormhjA\",\"https:\/\/www.instagram.com\/professionalhairbudapest\/\"]}]}<\/script>\n<!-- \/ Yoast SEO plugin. -->","yoast_head_json":{"title":"K\u00f6sz\u00f6nj\u00fck - Professional Hair","robots":{"index":"index","follow":"follow","max-snippet":"max-snippet:-1","max-image-preview":"max-image-preview:large","max-video-preview":"max-video-preview:-1"},"canonical":"https:\/\/professionalhair.hu\/en\/koszonjuk\/","og_locale":"en_US","og_type":"article","og_title":"K\u00f6sz\u00f6nj\u00fck - Professional Hair","og_description":"K\u00f6sz\u00f6nj\u00fck, fogadtuk a jelentkez\u00e9sed! Koll\u00e9g\u00e1nk hamarosan felkeres a hajvizsg\u00e1lat id\u0151pontj\u00e1nak egyeztet\u00e9s\u00e9re.A d\u00edjmentes \u00e9s k\u00f6telezetts\u00e9gmentes vizsg\u00e1lat sor\u00e1n a konzult\u00e1l\u00f3 orvosmegvizsg\u00e1lja a probl\u00e9m\u00e1s ter\u00fcletet, majd t\u00e1j\u00e9koztat a helyre\u00e1ll\u00edt\u00e1silehet\u0151s\u00e9gekr\u0151l.A konzult\u00e1ci\u00f3 v\u00e9g\u00e9n a szem\u00e9lyre szabott kezel\u00e9si terv \u00e9s aj\u00e1nlatbiztosan k\u00f6zelebb visz a c\u00e9ljaidhoz:) FONTOS!\u00a0A visszaigazol\u00f3 e-mailt \u00e9s az esetleges tov\u00e1bbi t\u00e1j\u00e9koztat\u00f3 e-maileket a biro.gabi@professionalhair.hu c\u00edmr\u0151l k\u00fcldj\u00fck (n\u00e9zd meg a [&hellip;]","og_url":"https:\/\/professionalhair.hu\/en\/koszonjuk\/","og_site_name":"Professional Hair","article_publisher":"https:\/\/www.facebook.com\/professionalhairbudapest","article_modified_time":"2023-08-28T18:36:57+00:00","twitter_card":"summary_large_image","twitter_misc":{"Est. reading time":"1 minute"},"schema":{"@context":"https:\/\/schema.org","@graph":[{"@type":"WebPage","@id":"https:\/\/professionalhair.hu\/koszonjuk\/","url":"https:\/\/professionalhair.hu\/koszonjuk\/","name":"K\u00f6sz\u00f6nj\u00fck - Professional Hair","isPartOf":{"@id":"https:\/\/professionalhair.hu\/#website"},"datePublished":"2022-06-24T08:33:32+00:00","dateModified":"2023-08-28T18:36:57+00:00","breadcrumb":{"@id":"https:\/\/professionalhair.hu\/koszonjuk\/#breadcrumb"},"inLanguage":"en-US","potentialAction":[{"@type":"ReadAction","target":["https:\/\/professionalhair.hu\/koszonjuk\/"]}]},{"@type":"BreadcrumbList","@id":"https:\/\/professionalhair.hu\/koszonjuk\/#breadcrumb","itemListElement":[{"@type":"ListItem","position":1,"name":"Kezd\u0151lap","item":"https:\/\/professionalhair.hu\/"},{"@type":"ListItem","position":2,"name":"K\u00f6sz\u00f6nj\u00fck"}]},{"@type":"WebSite","@id":"https:\/\/professionalhair.hu\/#website","url":"https:\/\/professionalhair.hu\/","name":"Professional Hair","description":"Hajbe\u00fcltet\u00e9s Budapest","publisher":{"@id":"https:\/\/professionalhair.hu\/#organization"},"potentialAction":[{"@type":"SearchAction","target":{"@type":"EntryPoint","urlTemplate":"https:\/\/professionalhair.hu\/?s={search_term_string}"},"query-input":{"@type":"PropertyValueSpecification","valueRequired":true,"valueName":"search_term_string"}}],"inLanguage":"en-US"},{"@type":"Organization","@id":"https:\/\/professionalhair.hu\/#organization","name":"Professional Hair","url":"https:\/\/professionalhair.hu\/","logo":{"@type":"ImageObject","inLanguage":"en-US","@id":"https:\/\/professionalhair.hu\/#\/schema\/logo\/image\/","url":"https:\/\/professionalhair.hu\/wp-content\/uploads\/2022\/05\/logo_footer.webp","contentUrl":"https:\/\/professionalhair.hu\/wp-content\/uploads\/2022\/05\/logo_footer.webp","width":263,"height":60,"caption":"Professional Hair"},"image":{"@id":"https:\/\/professionalhair.hu\/#\/schema\/logo\/image\/"},"sameAs":["https:\/\/www.facebook.com\/professionalhairbudapest","https:\/\/www.youtube.com\/channel\/UC3yW-vWCddUuRSs6cormhjA","https:\/\/www.instagram.com\/professionalhairbudapest\/"]}]}},"_links":{"self":[{"href":"https:\/\/professionalhair.hu\/en\/wp-json\/wp\/v2\/pages\/6733","targetHints":{"allow":["GET"]}}],"collection":[{"href":"https:\/\/professionalhair.hu\/en\/wp-json\/wp\/v2\/pages"}],"about":[{"href":"https:\/\/professionalhair.hu\/en\/wp-json\/wp\/v2\/types\/page"}],"author":[{"embeddable":true,"href":"https:\/\/professionalhair.hu\/en\/wp-json\/wp\/v2\/users\/1"}],"replies":[{"embeddable":true,"href":"https:\/\/professionalhair.hu\/en\/wp-json\/wp\/v2\/comments?post=6733"}],"version-history":[{"count":0,"href":"https:\/\/professionalhair.hu\/en\/wp-json\/wp\/v2\/pages\/6733\/revisions"}],"wp:attachment":[{"href":"https:\/\/professionalhair.hu\/en\/wp-json\/wp\/v2\/media?parent=6733"}],"curies":[{"name":"wp","href":"https:\/\/api.w.org\/{rel}","templated":true}]}}

Köszönjük

<div data-elementor-type="wp-page" data-elementor-id="6733" class="elementor elementor-6733" data-elementor-post-type="page">
						<section class="elementor-section elementor-top-section elementor-element elementor-element-d09feb7 elementor-section-boxed elementor-section-height-default elementor-section-height-default" data-id="d09feb7" data-element_type="section" data-settings="{&quot;_ha_eqh_enable&quot;:false}">
						<div class="elementor-container elementor-column-gap-default">
					<div class="elementor-column elementor-col-100 elementor-top-column elementor-element elementor-element-39fdd2c" data-id="39fdd2c" data-element_type="column">
			<div class="elementor-widget-wrap elementor-element-populated">
						<div class="elementor-element elementor-element-672a542 elementor-widget elementor-widget-heading" data-id="672a542" data-element_type="widget" data-widget_type="heading.default">
				<div class="elementor-widget-container">
			<h2 class="elementor-heading-title elementor-size-default">Köszönjük, fogadtuk a jelentkezésed!</h2>		</div>
				</div>
				<div class="elementor-element elementor-element-661635f elementor-widget elementor-widget-text-editor" data-id="661635f" data-element_type="widget" data-widget_type="text-editor.default">
				<div class="elementor-widget-container">
							<p>Kollégánk hamarosan felkeres a hajvizsgálat időpontjának egyeztetésére.<br />A díjmentes és kötelezettségmentes vizsgálat során a konzultáló orvos<br />megvizsgálja a problémás területet, majd tájékoztat a helyreállítási<br />lehetőségekről.<br />A konzultáció végén a személyre szabott kezelési terv és ajánlat<br />biztosan közelebb visz a céljaidhoz:)</p>						</div>
				</div>
				<div class="elementor-element elementor-element-c1be2fa elementor-widget elementor-widget-text-editor" data-id="c1be2fa" data-element_type="widget" data-widget_type="text-editor.default">
				<div class="elementor-widget-container">
							<h5><strong>FONTOS! </strong>A visszaigazoló e-mailt és az esetleges további tájékoztató e-maileket a biro.gabi@professionalhair.hu címről küldjük (nézd meg a Promóciók mappát is). Azért, hogy a leveleket nehogy spam-nek gondolja a levelezőprogramod, vedd fel ezt az e-mail címet a megbízható feladók listájára. Köszönjük!</h5><h4> </h4><h4><strong>Üdvözlettel:</strong></h4><h5>A Professional Hair Hajklinika csapata</h5><p><a href="tel:  36209506400">+36 20 950 6400</a></p><p><a href="mailto:hajpartner@professionalhair.hu">hajpartner@professionalhair.hu</a></p><p>Várunk klinikánkon!</p>						</div>
				</div>
					</div>
		</div>
					</div>
		</section>
				</div>

<p>Köszönjük, fogadtuk a jelentkezésed! Kollégánk hamarosan felkeres a hajvizsgálat időpontjának egyeztetésére.A díjmentes és kötelezettségmentes vizsgálat során a konzultáló orvosmegvizsgálja a problémás területet, majd tájékoztat a helyreállításilehetőségekről.A konzultáció végén a személyre szabott kezelési terv és ajánlatbiztosan közelebb visz a céljaidhoz:) FONTOS! A visszaigazoló e-mailt és az esetleges további tájékoztató e-maileket a biro.gabi@professionalhair.hu címről küldjük (nézd meg a [&hellip;]</p>

<!-- This site is optimized with the Yoast SEO plugin v23.9 - https://yoast.com/wordpress/plugins/seo/ -->
<title>Köszönjük - Professional Hair</title>
<meta name="robots" content="index, follow, max-snippet:-1, max-image-preview:large, max-video-preview:-1" />
<link rel="canonical" href="https://professionalhair.hu/en/koszonjuk/" />
<meta property="og:locale" content="en_US" />
<meta property="og:type" content="article" />
<meta property="og:title" content="Köszönjük - Professional Hair" />
<meta property="og:description" content="Köszönjük, fogadtuk a jelentkezésed! Kollégánk hamarosan felkeres a hajvizsgálat időpontjának egyeztetésére.A díjmentes és kötelezettségmentes vizsgálat során a konzultáló orvosmegvizsgálja a problémás területet, majd tájékoztat a helyreállításilehetőségekről.A konzultáció végén a személyre szabott kezelési terv és ajánlatbiztosan közelebb visz a céljaidhoz:) FONTOS! A visszaigazoló e-mailt és az esetleges további tájékoztató e-maileket a biro.gabi@professionalhair.hu címről küldjük (nézd meg a [&hellip;]" />
<meta property="og:url" content="https://professionalhair.hu/en/koszonjuk/" />
<meta property="og:site_name" content="Professional Hair" />
<meta property="article:publisher" content="https://www.facebook.com/professionalhairbudapest" />
<meta property="article:modified_time" content="2023-08-28T18:36:57+00:00" />
<meta name="twitter:card" content="summary_large_image" />
<meta name="twitter:label1" content="Est. reading time" />
	<meta name="twitter:data1" content="1 minute" />
<script type="application/ld+json" class="yoast-schema-graph">{"@context":"https://schema.org","@graph":[{"@type":"WebPage","@id":"https://professionalhair.hu/koszonjuk/","url":"https://professionalhair.hu/koszonjuk/","name":"Köszönjük - Professional Hair","isPartOf":{"@id":"https://professionalhair.hu/#website"},"datePublished":"2022-06-24T08:33:32+00:00","dateModified":"2023-08-28T18:36:57+00:00","breadcrumb":{"@id":"https://professionalhair.hu/koszonjuk/#breadcrumb"},"inLanguage":"en-US","potentialAction":[{"@type":"ReadAction","target":["https://professionalhair.hu/koszonjuk/"]}]},{"@type":"BreadcrumbList","@id":"https://professionalhair.hu/koszonjuk/#breadcrumb","itemListElement":[{"@type":"ListItem","position":1,"name":"Kezdőlap","item":"https://professionalhair.hu/"},{"@type":"ListItem","position":2,"name":"Köszönjük"}]},{"@type":"WebSite","@id":"https://professionalhair.hu/#website","url":"https://professionalhair.hu/","name":"Professional Hair","description":"Hajbeültetés Budapest","publisher":{"@id":"https://professionalhair.hu/#organization"},"potentialAction":[{"@type":"SearchAction","target":{"@type":"EntryPoint","urlTemplate":"https://professionalhair.hu/?s={search_term_string}"},"query-input":{"@type":"PropertyValueSpecification","valueRequired":true,"valueName":"search_term_string"}}],"inLanguage":"en-US"},{"@type":"Organization","@id":"https://professionalhair.hu/#organization","name":"Professional Hair","url":"https://professionalhair.hu/","logo":{"@type":"ImageObject","inLanguage":"en-US","@id":"https://professionalhair.hu/#/schema/logo/image/","url":"https://professionalhair.hu/wp-content/uploads/2022/05/logo_footer.webp","contentUrl":"https://professionalhair.hu/wp-content/uploads/2022/05/logo_footer.webp","width":263,"height":60,"caption":"Professional Hair"},"image":{"@id":"https://professionalhair.hu/#/schema/logo/image/"},"sameAs":["https://www.facebook.com/professionalhairbudapest","https://www.youtube.com/channel/UC3yW-vWCddUuRSs6cormhjA","https://www.instagram.com/professionalhairbudapest/"]}]}</script>
<!-- / Yoast SEO plugin. -->

Köszönjük - Professional Hair

Köszönjük, fogadtuk a jelentkezésed! Kollégánk hamarosan felkeres a hajvizsgálat időpontjának egyeztetésére.A díjmentes és kötelezettségmentes vizsgálat során a konzultáló orvosmegvizsgálja a problémás területet, majd tájékoztat a helyreállításilehetőségekről.A konzultáció végén a személyre szabott kezelési terv és ajánlatbiztosan közelebb visz a céljaidhoz:) FONTOS! A visszaigazoló e-mailt és az esetleges további tájékoztató e-maileket a biro.gabi@professionalhair.hu címről küldjük (nézd meg a [&hellip;]

Kezdőlap

Hajbeültetés Budapest
